= 1962 + h. What is the units digit of d?
4
Let m be ((-48)/(-4))/((-6)/224). Let x be (m/(-21))/(2/3). What is the hundreds digit of (x/(-6) + 6)/((-2)/(-327))?
1
Let q(p) = -26*p**3 - 5*p**2 + 53*p + 15. What is the hundreds digit of q(-6)?
1
Let c(s) = 16*s + 93. Let r be c(20). Let o = 625 - r. What is the tens digit of o?
1
Suppose -2*p = t - 8353, -4*t + 64*p = 69*p - 33427. What is the hundreds digit of t?
3
Let c(r) = -r**3 + 186*r**2 - 297*r + 261. What is the tens digit of c(183)?
7
Suppose 0*z - 22 = 4*z - 2*o, 5*z = -3*o - 33. What is the units digit of ((-100)/(-14))/(z/(-84))?
0
Suppose 0 = y - 0*k - 3*k - 116, -2*k = 2*y - 240. Let o(a) = 12*a**2 + 10*a - 3. Let u be o(4). Let f = u - y. What is the units digit of f?
0
What is the units digit of (1 - 96)/(14/(-6) - -2)?
5
Let w = -50862 - -82621. What is the units digit of w?
9
Let t(h) = -2*h**3 - 336*h**2 - 42*h + 1376. What is the units digit of t(-168)?
2
Let a(p) = 256*p + 140. Let h be a(-10). Let x = -1611 - h. What is the units digit of x?
9
Let l = -11 - -26. Suppose 23*o - 5312 = l*o. What is the units digit of o?
4
Suppose 0 = 5*c + 5*z - 30450, -50*z + 53*z + 6106 = c. What is the hundreds digit of c?
0
Suppose 4*b - 126168 = -4*z, -5*z - 85*b + 88*b + 157654 = 0. What is the tens digit of z?
3
Let x = -126 + 206. Let c(a) = -79 + 2*a + 9*a + x + a**2. What is the tens digit of c(-13)?
2
Suppose 12*t - 642 = 354. Suppose -t + 56 = 3*v. What is the units digit of (-2)/v + 4670/45?
4
Suppose 14*i = 2456 + 20644. What is the hundreds digit of i?
6
Let t = 96485 - 24609. What is the hundreds digit of t?
8
Let h = -88 - -72. What is the units digit of (-3)/(-12) + (-3164)/h?
8
Let l(r) = 5*r - 19*r**2 + 14*r**2 + r**3 + 2 + 13*r**2. Let y be l(-6). Suppose 0 = 2*i + y - 150. What is the units digit of i?
3
Let c = -12127 + 18066. What is the units digit of c?
9
Suppose -212 = -5*g + 3. Let n = g - -64. What is the hundreds digit of n?
1
Let j be (551 - 0) + (0 - (-4)/(-2)). Let z = -272 + j. Let c = -130 + z. What is the units digit of c?
7
Let d(h) = -h**2 + 5*h + 1. Let f = -30 + 34. Let m be d(f). Suppose m*a - 15 = 0, -3*i + a = 3*a - 474. What is the units digit of i?
6
Let b = -334 + 33. Let j = -2686 - -2613. Let n = j - b. What is the units digit of n?
8
Let n be ((-10680)/(-42))/(20/(-70)). What is the hundreds digit of ((n + -8)*-4)/2?
7
Let g = -732 + 735. Let f = 12 - 8. Suppose 0*j = 5*t + f*j - 171, 4*t - 137 = -g*j. What is the tens digit of t?
3
Let p = 8860 + -155. What is the tens digit of p?
0
Suppose -50*p = -54*p + 5*c + 874, 5*c = 10. What is the hundreds digit of p?
2
Let j(p) = 2*p**2 + 15*p + 10. Let h be j(-7). Suppose 0 = -3*t + 2*g - 459, 3*t + h*g + 393 = -66. Let r = 237 + t. What is the units digit of r?
4
Suppose 4*o = -7*o + 1188. Let z be o/24*-9*2. Let r = z - -116. What is the units digit of r?
5
Let w be 4 + 3/2*(-2)/(-3). Suppose 4*a = -w*o + 1711, -2*a + 857 = -0*a + o. What is the units digit of a?
9
Suppose 5*m + 8376 = 3*q, -3*q + 4*m + 13947 = 2*q. Suppose -w = 2*p - q, -2*p - w + 3*w = -2790. What is the tens digit of (p/(-85))/((-1)/5)?
8
What is the hundreds digit of (6911/(-3))/((-52)/312)?
8
Let r(g) = -g**3 + 17*g**2 - 14*g + 9. Suppose 3*v + 33 = 2*v. Let l = -17 - v. What is the tens digit of r(l)?
4
Let l be 20/(-15)*5766/(-4). Let d = l - 132. What is the tens digit of d?
9
Let k(i) = -i**3 - 13*i**2 + 31*i + 13. Let z be k(-15). What is the units digit of -7*z/(-14)*-202?
2
Suppose -63*n + 188094 + 240558 = 0. What is the thousands digit of n?
6
Let x = 92325 - 63096. What is the units digit of x?
9
Let y = -2764 + 4477. What is the tens digit of y?
1
Let n be 2/(-10) + 580/25 + -3. Let p(u) = u**2 - 17*u - 54. Let c be p(n). What is the hundreds digit of -2 + (c - 1) + (176 - 0)?
1
Suppose -4*b + 198 = 2*b. Suppose b = -2*t + 353. What is the tens digit of t?
6
Let d(w) = w**2 + w - 14. Let i be d(-6). Suppose 12*b + 48 = i*b. Suppose 8*m + 556 = b*m. What is the tens digit of m?
3
Let i = -39 + 39. Let q be 35 + (0 - 5)/(-5)*-1. Suppose i = 5*o - 59 + q. What is the units digit of o?
5
Let x(n) = -2*n**3 + 4*n**2 + 84*n + 934. What is the thousands digit of x(-12)?
3
Suppose 0 = 11*k - 139233 - 57040. What is the tens digit of k?
4
Let y(p) = 6885*p**2 - 75*p - 152. What is the thousands digit of y(-2)?
7
Let q be 8/2 + 280*-2. Let t be (4/10)/1*(9 - q). Let f = 327 - t. What is the units digit of f?
1
Let x(p) = -57*p**3 + 4*p**2 - p + 4. Let g be x(4). Let m be 2/(-10) - g/70. Suppose 0*l - l = 0, 2*l + m = d. What is the tens digit of d?
5
Let w(j) = 171*j**2 + 25*j - 62. What is the thousands digit of w(7)?
8
Let r(m) = -m + 1. Let v be r(2). Let s(c) = -47*c - 3. What is the units digit of s(v)?
4
Let m = 144 - 109. Suppose m*c = 36*c - 20. Let a = c - 7. What is the units digit of a?
3
Suppose 3*x + 32*c = 28*c + 23331, 5*x + 2*c - 38885 = 0. What is the hundreds digit of x?
7
Let i = -23259 - -39675. What is the tens digit of i?
1
Let n(q) = 464*q + 9. Let u be n(4). Suppose 0 = -3*s - u - 6127. What is the units digit of (1 + -2)/(18/s) - -3?
1
Suppose -15 = -3*p + 3*f, 3 + 17 = -2*p - 4*f. Suppose -2*m + 2*v - 10 = -2*v, -v - 2 = 4*m. What is the tens digit of (p - m/1) + 46?
4
Let d(w) = 23*w + 55. Let s be d(5). Let t = s + -53. What is the hundreds digit of t?
1
Let u = 11 + -31. Let y be (3 + u/6)*3. What is the tens digit of 91 - -4*y/2?
8
What is the tens digit of (-650650)/(-28) + 1/(-2)?
3
Let i = 51400 + -12849. What is the thousands digit of i?
8
Suppose -686*v + 1976 = -678*v. What is the hundreds digit of v?
2
Let z be (-3 - -72) + (1 + 0)*-3. Suppose 0 = i + 5*r - 23 - 35, -i = -3*r - z. Let x = 98 - i. What is the tens digit of x?
3
Let p(y) = 2*y + 26. Let b be 6/2*((-44)/(-12) + 0). Suppose 0 = -2*o + o + b. What is the units digit of p(o)?
8
Let m(h) be the second derivative of -38*h**3/3 - 13*h**2 - 122*h. What is the tens digit of m(-10)?
3
Let k(x) = -8*x**3 + 16*x**2 + 95*x + 655. What is the units digit of k(-10)?
5
Suppose 144*s - 266 = 137*s. Suppose -33*g - 3040 = -s*g. What is the hundreds digit of g?
6
Suppose 0*x = -4*x - 520. Let o(c) = -c**2 - 17*c - 124. Let n be o(-17). Let a = n - x. What is the units digit of a?
6
Suppose 0 = -35*s + 111 + 64. Suppose 3*t + 1135 = s*t + 3*a, -4*t + 2305 = -a. What is the hundreds digit of t?
5
Let i(k) be the first derivative of k**5/20 - k**4/8 - 16*k**3/3 - 1. Let z(x) be the third derivative of i(x). What is the units digit of z(2)?
9
Let k(v) = -v**3 + 20*v**2 - 6*v - 35. Let c be k(17). Suppose -28*x + c = -26*x. What is the hundreds digit of x?
3
Let j(s) = -s**3 + 8*s + 3*s**2 + 16*s**2 - 11*s**2 + 5*s**2 + 20. What is the units digit of j(11)?
0
Let a(n) be the second derivative of -19*n**3/6 + 101*n**2/2 + 8*n. Let b(t) = 4*t - 20. Let i(o) = -2*a(o) - 11*b(o). What is the tens digit of i(-10)?
7
Let l(g) be the third derivative of 37*g**4/12 - 199*g**3/6 - 96*g**2. What is the tens digit of l(10)?
4
Let y be (-12818)/(-39) - 2/(-6). Suppose -y = -2*i + 203. What is the units digit of i?
6
Let t be (-31)/(-4) - (-14)/56. Suppose 93 = t*y - 67. Suppose -3*i = -4*u - y - 3, i = -u - 4. What is the units digit of i?
1
Let z = 15 + -13. Suppose k = 4*i - 1746, 4*i - 1748 = z*k - 0*k. Suppose 0 = 4*h - 576 - i. What is the tens digit of h?
5
Suppose -81*y - 289120 = -789110 - 325076. What is the ten thousands digit of y?
1
Let v = 137 - 69. Let o be ((-8)/3)/(-2)*(8 + 19). Let l = o + v. What is the tens digit of l?
0
Let l(n) = 5*n**2 - 7*n - 19. Let h be l(13). Suppose -5*j + 2*j = -h. What is the tens digit of j?
4
Suppose 55 = 5*a - 25. Let h be (4 - a/5)/(1/(-430)). Let v = h - -528. What is the units digit of v?
4
Let i(p) = -p**2 - 12*p + 44. Let j be i(3). What is the tens digit of (62010/(-270))/(j*(-1)/(-3))?
8
Let b = -35 - -14. Let c be 2 + b + (-4 - -3)*-2. Let i = c + 97. What is the tens digit of i?
8
Suppose -75 + 43 = -8*n. What is the units digit of ((-56)/8 + -1)*(-31)/n?
2
Let a(r) = 7682*r - 34. What is the units digit of a(1)?
8
Suppose -689*h + 649*h + 412760 = 0. What is the hundreds digit of h?
3
Let q = -5697 + 15200. What is the tens digit of q?
0
Let y = 130 + -125. What is the units digit of 3/y - (-734)